0830. Let d = j - -8134. Is d a prime number?
True
Suppose 5301231 = 13*s + 26*s. Is s a composite number?
False
Let v(y) = 136*y - 17. Let m(d) = d. Suppose -3*q + a = 4, -2*q + 5*a - 2 = 5. Let b(x) = q*v(x) + 6*m(x). Is b(-6) composite?
False
Let h(k) = 4400*k**3 + 5*k**2 - 22*k + 34. Is h(4) composite?
True
Suppose 0 = -w + 4*o + 256453, 2*w + o - 339702 - 173177 = 0. Is w a composite number?
False
Suppose 0*q + 3*q - 33 = 0. Let g be (72/16)/(9/6). Suppose q*s - g*s - 2104 = 0. Is s a prime number?
True
Let l(h) be the second derivative of h**3/2 + 11*h**2 - 5*h. Let k be l(6). Let w = k - -141. Is w a prime number?
True
Suppose 210*f = -8*f - 17*f + 14204105. Is f prime?
True
Is (-367727)/(-2) - 63/126 composite?
True
Let o(w) be the second derivative of w**4/4 + w**3/3 + 2*w**2 + 10*w. Let x be o(6). Suppose -3*j = -1075 + x. Is j a prime number?
True
Suppose 2*u = -g - 4*g + 13, 5*g = -4*u + 11. Let w be u/((-4)/(4 + 4)) - -3. Suppose w*l = t - 381, 2*t + 740 = 4*t + l. Is t a composite number?
True
Is -2 + 9/(-2) - -6 - (-1780342)/4 a composite number?
True
Let h(s) = -16*s**2 + 15*s + 154*s**2 - 21 - 13*s**2 + 44. Let d be h(12). Suppose -w = -3*q + 9669 + 1256, 0 = -5*q + 3*w + d. Is q a prime number?
True
Suppose -100*z + 55*z - 673086 = -48*z. Is z a prime number?
False
Let j(r) = -18*r**2 - 20*r + 11. Let w be j(9). Let c = 7813 + w. Suppose 5*l + c = 4*a - 7627, 0 = -4*a - 4*l + 13840. Is a composite?
False
Suppose -6*o = -3*u + 12024 - 47745, 4*u = 2*o - 11922. Is o composite?
True
Suppose 17019 = 3*m - 2*w, 17*m + 3*w + 11351 = 19*m. Is m a prime number?
False
Let r(x) = -6*x + 187. Let j(o) = o**3 + 9*o**2. Let u be j(-9). Let b be r(u). Let a = 328 - b. Is a a prime number?
False
Let b(l) = -l**2 - 11*l - 13. Let s be b(-9). Suppose s*d = -5*d + 370. Is d a prime number?
True
Let z = 635 - 644. Suppose -5*m + 60 = -0. Is (-1429)/(-4) - z/m prime?
False
Let p = 1685326 + -836055. Is p a composite number?
False
Suppose 1432663 = -89*h + 16898050 - 571148. Is h composite?
True
Let z = -50261 - -143388. Is z a prime number?
False
Suppose m - 5*u + 8 = -4, 4*m = -3*u + 21. Let n(b) = 63*b**3 - 2*b**2 + 3*b - 4. Let o be n(m). Suppose 18*i - o = 10*i. Is i composite?
False
Is (-187123)/(0/(-5 + 1) + (0 - 1)) composite?
False
Let r = 1134226 - 752139. Is r a prime number?
True
Let l = -604948 + 931931. Is l composite?
False
Let l = -312206 - -679597. Is l a prime number?
True
Suppose 2*w - 8 = -8. Let m be (-4)/18 + 475/(-9) - w. Let h = m - -1134. Is h composite?
True
Let g(c) = 2*c**3 - 29*c**2 - 29*c + 13. Let l(i) = -5*i**3 + 58*i**2 + 58*i - 26. Let h(v) = -7*g(v) - 3*l(v). Is h(-19) composite?
True
Let x = -2746665 + 4061980. Is x a prime number?
False
Let j be 1/(6*(-6)/(-180)). Suppose 0*m + 9787 = m + 2*y, 3*m - j*y - 29394 = 0. Is m prime?
False
Suppose 7*s - 430939 = 47770. Let r = s - 48816. Is r a composite number?
False
Let l(c) = c - 1. Let r be l(-18). Is ((-1375049)/26)/r*(1 - -1) a prime number?
False
Let l = -22 + 24. Suppose -2*d - l*n = 2*d - 442, d - 4*n = 115. Suppose 2*o + d = 1133. Is o a prime number?
False
Let b(c) = 62 - 6*c**2 - 57 - 11*c**2 - 10*c**2 - 13*c. Let r be b(6). Let m = r + 1668. Is m a composite number?
True
Let l = 348 + -209. Suppose -z = z + 4*s + 38, l = -5*z + s. Is ((-18)/z)/(2/2685) prime?
False
Let x(q) be the first derivative of -q**2/2 + 4*q + 10. Let a be x(-8). Is (0 - 4)*((-117)/a + 2) prime?
True
Suppose -3*y = 3*f + 15, -y - 25 = -4*f + 4*y. Suppose 3*z - 4*u - 26639 = f, -3*z + 8436 = 3*u - 18168. Is z composite?
True
Suppose d = 3567 - 10999. Let f = d - -14105. Is f prime?
True
Suppose 0 = 3*s - 34238 - 33487. Let z = s + -12743. Suppose 10*f - 2758 - z = 0. Is f a composite number?
False
Suppose 5*y + 293228 = 7*g - 4*g, 4*g - 391009 = -y. Is g prime?
False
Suppose -3*k + 8*k = 5*z - 90, -k = -4*z + 12. Let j(g) = g**3 + 21*g**2 + 13*g + 1. Let w be j(k). Suppose 4*o = 479 + w. Is o a composite number?
True
Let b(a) = -100*a - 85. Let v be b(-8). Let p = 746 + v. Is p prime?
False
Let m(f) = 2*f**3 - 3*f**2 + 12*f + 13. Suppose -10*g + 12 = -9*g. Is m(g) prime?
True
Let l = 335745 - 115622. Is l a prime number?
True
Let g = -119 - -287. Suppose -129 = -q + g. Suppose -q = -k + 5*d, 6*k = k + 2*d + 1393. Is k a prime number?
True
Suppose 2*n + 17*n - 532 = 0. Let t(b) = 8*b**2 + 34*b - 153. Is t(n) composite?
True
Let r = -63 - -59. Let n be (-2215)/(-5) - (2 + 1 + r). Suppose 4*p - n = -2*p. Is p a prime number?
False
Let t = 86 - 84. Suppose -146113 = -5*u + t*o - 23900, -u + 5*o + 24438 = 0. Is u prime?
True
Let w(p) be the second derivative of p**5/30 + p**4/3 + 7*p**3/6 + 6*p**2 - 18*p. Let h(o) be the first derivative of w(o). Is h(-15) composite?
False
Let w be 54/2 + (-5 - (-5 - -3)). Let d = 22 - w. Is 6*(-3 + (-7)/d) - -1088 a composite number?
False
Let i = -60 + 110. Suppose w - i = 356. Let p = w + -159. Is p composite?
True
Suppose -4*f - 1449 + 10809 = 0. Let r be (140/210)/(-1*4/5766). Let x = f + r. Is x a composite number?
True
Is (-1 + 2)/(-7) - (-8 + (-25823772)/63) a prime number?
True
Is (-1)/2 - (-486351)/6 composite?
True
Suppose 4*c - 342 = -326. Is (2/c)/((-5)/(-52450)) composite?
True
Suppose 3*b = s - 16, 23 + 1 = 3*s - 3*b. Suppose 3*g - 6922 = 2*k, -s*k - 357 = -2*g + 4263. Suppose -2*p - 4*x = -g, 2*x + 3456 = 3*p + 5*x. Is p composite?
False
Suppose -2*s + 14 + 18 = 0. Suppose -s*c - 7914 = -19*c. Is c prime?
False
Let b be 20*(-6 + -1 - 21). Let g = 575 - b. Is g composite?
True
Is ((-17)/34*867868/(-10))/((-3)/(-15)) composite?
False
Let x(t) = 1267*t**3 - 3*t**2 + 7. Let p(u) = 845*u**3 - 2*u**2 + 5. Let q(l) = -7*p(l) + 5*x(l). Is q(1) composite?
False
Is (3*1288802)/(-2)*41/(-738)*6 a composite number?
False
Let j(s) = -s - 19. Let g be j(-19). Suppose 4*a - 34450 + 6990 = g. Suppose -a = -7*i + 2*i. Is i a prime number?
True
Let y = 107019 + -30652. Is y a prime number?
True
Let n(d) = 128*d**2 - 2*d + 3. Suppose 6 = 4*z - 3*f - 3, -4*f = 5*z - 19. Suppose -6*c = -2*u - c - 16, 2*c - 2 = z*u. Is n(u) composite?
True
Let k(q) = 6*q + 4. Let y be k(5). Suppose o = -2*d - y + 292, 0 = -d. Let w = 377 + o. Is w a prime number?
False
Suppose -477*y - 301651 = -243*y - 241*y. Is y a prime number?
True
Let u be 46/(-3)*(-1 + -60 + -5). Suppose -17*i = -21*i + u. Is i a composite number?
True
Let y = 172057 + 56686. Is y prime?
False
Let m = -57905 - -90508. Is m a composite number?
False
Suppose -5*w = -3*g + 61, -2*g - 3*w - 39 = -4*g. Is -2*(-165618)/g + -2 a prime number?
False
Let h = -879 + 1406. Is (h/34 - 15)*(1 + 44517) composite?
False
Is (11 + 57092/42)*111 a prime number?
False
Let p be ((-1 - 2)/(-3))/(-1). Let m(a) = a**3 + a**2. Let x be m(p). Suppose 3*w + 0*w - 2163 = x. Is w a composite number?
True
Let h(y) = 894*y + 5. Let k be h(-3). Let c = k + 3828. Is c composite?
False
Let n = 306 + -40. Suppose w - 4*w + 6 = k, -3*k = 3*w - 12. Suppose -917 = -3*m + 3*d - n, 2*d = k*m - 648. Is m composite?
True
Let w(k) = 87310*k + 663. Is w(5) a composite number?
True
Let d = 131 + -130. Is (-307)/((12/10)/(-6)*d) prime?
False
Let w = 341302 - 97803. Is w a prime number?
False
Suppose 3*o = 4*x + 6*o - 75, -5*x + 90 = 3*o. Is 5 - (6/x - 1224/10) a composite number?
False
Let d = 1260963 - 748730. Is d composite?
True
Suppose -3*a + s = 50805, 2*a + 21929 = s - 11940. Let o = a - -29735. Is o a prime number?
True
Suppose o + 2*l = 170623, 44*o + l = 45*o - 170611. Is o composite?
True
Let t be 68/(3 - -4 - 5). Suppose -83923 = 15*h - t*h. Is h composite?
True
Let s = -17851 + 71294. Is s prime?
False
Is -285179*(-2)/(36/54) a composite number?
True
Let d(p) = 60 - 56*p - 111*p**3 + 22*p + 477*p**3 + 13*p**2 - 79. Is d(6) a prime number?
True
Suppose 13*n + 78 = -26. Let h(m) = 10*m**2 - 21*m + 7. Is h(n) prime?
False
Let d = 198042 - 80363. Is d prime?
True
Let l(u) = -5*u - 8. Let z be l(0). Let o(j) = 68*j**2 + 16*j - 11. Is o(z) a composite number?
True
Let p be 6/21 - (-13246441)/(-91). Is p/(-40) + (-6)/48 a composite number?
True
Let a(u) = -u**3 - 4*u**2 + 5*u + 4. Let w be a(-5). Suppose 4*v + 2*b + 22 = 0, -5*v = -9*v + b - 7. Let y = w - v. Is y composite?
False
Let w be (((-190)/6)/(-5))/((-3)/(-4329)). Suppose 4*q - 